 663 is divided by 83?
82
Calculate the remainder when 3528 is divided by 122.
112
Calculate the remainder when 614 is divided by 46.
16
What is the remainder when 613 is divided by 19?
5
Calculate the remainder when 424 is divided by 135.
19
Calculate the remainder when 6912 is divided by 133.
129
Calculate the remainder when 352 is divided by 23.
7
Calculate the remainder when 1472 is divided by 22.
20
Calculate the remainder when 2406 is divided by 172.
170
Calculate the remainder when 1754 is divided by 22.
16
What is the remainder when 223 is divided by 180?
43
Calculate the remainder when 303 is divided by 9.
6
Calculate the remainder when 268 is divided by 18.
16
What is the remainder when 77 is divided by 20?
17
Calculate the remainder when 34 is divided by 20.
14
Calculate the remainder when 385 is divided by 65.
60
What is the remainder when 411 is divided by 46?
43
What is the remainder when 190 is divided by 95?
0
What is the remainder when 2098 is divided by 12?
10
What is the remainder when 320 is divided by 66?
56
Calculate the remainder when 443 is divided by 50.
43
Calculate the remainder when 1532 is divided by 80.
12
What is the remainder when 3092 is divided by 1027?
11
What is the remainder when 8073 is divided by 14?
9
What is the remainder when 358 is divided by 23?
13
What is the remainder when 6343 is divided by 52?
51
Calculate the remainder when 20655 is divided by 16.
15
What is the remainder when 63 is divided by 9?
0
Calculate the remainder when 587 is divided by 123.
95
Calculate the remainder when 788 is divided by 24.
20
Calculate the remainder when 388 is divided by 71.
33
Calculate the remainder when 679 is divided by 14.
7
What is the remainder when 109 is divided by 1?
0
What is the remainder when 4861 is divided by 13?
12
What is the remainder when 729 is divided by 105?
99
Calculate the remainder when 1103 is divided by 92.
91
What is the remainder when 421 is divided by 42?
1
What is the remainder when 3577 is divided by 20?
17
Calculate the remainder when 2410 is divided by 18.
16
Calculate the remainder when 1157 is divided by 379.
20
What is the remainder when 1717 is divided by 20?
17
What is the remainder when 40 is divided by 25?
15
What is the remainder when 93 is divided by 10?
3
Calculate the remainder when 4087 is divided by 141.
139
What is the remainder when 167 is divided by 1?
0
Calculate the remainder when 464 is divided by 12.
8
What is the remainder when 122 is divided by 10?
2
Calculate the remainder when 209 is divided by 105.
104
What is the remainder when 112 is divided by 58?
54
Calculate the remainder when 8227 is divided by 44.
43
Calculate the remainder when 7646 is divided by 31.
20
What is the remainder when 269 is divided by 69?
62
Calculate the remainder when 109 is divided by 8.
5
What is the remainder when 401 is divided by 98?
9
Calculate the remainder when 231 is divided by 112.
7
Calculate the remainder when 64 is divided by 25.
14
What is the remainder when 1830 is divided by 203?
3
Calculate the remainder when 205 is divided by 8.
5
Calculate the remainder when 673 is divided by 135.
133
What is the remainder when 1256 is divided by 70?
66
What is the remainder when 15622 is divided by 252?
250
What is the remainder when 1036 is divided by 148?
0
Calculate the remainder when 821 is divided by 170.
141
Calculate the remainder when 2308 is divided by 93.
76
Calculate the remainder when 22 is divided by 15.
7
Calculate the remainder when 483 is divided by 18.
15
Calculate the remainder when 668 is divided by 234.
200
What is the remainder when 2533 is divided by 160?
133
What is the remainder when 128 is divided by 34?
26
Calculate the remainder when 8345 is divided by 4170.
5
What is the remainder when 55 is divided by 18?
1
What is the remainder when 1426 is divided by 7?
5
What is the remainder when 43 is divided by 7?
1
Calculate the remainder when 120 is divided by 19.
6
What is the remainder when 1698 is divided by 81?
78
What is the remainder when 39 is divided by 11?
6
Calculate the remainder when 113 is divided by 57.
56
Calculate the remainder when 718 is divided by 6.
4
Calculate the remainder when 119 is divided by 35.
14
Calculate the remainder when 986 is divided by 27.
14
Calculate the remainder when 7216 is divided by 96.
16
What is the remainder when 3197 is divided by 1064?
5
Calculate the remainder when 3010 is divided by 210.
70
Calculate the remainder when 389 is divided by 8.
5
What is the remainder when 142 is divided by 6?
4
Calculate the remainder when 220 is divided by 50.
20
Calculate the remainder when 340 is divided by 169.
2
Calculate the remainder when 3180 is divided by 28.
16
What is the remainder when 1673 is divided by 418?
1
What is the remainder when 2294 is divided by 8?
6
Calculate the remainder when 2014 is divided by 112.
110
What is the remainder when 113 is divided by 5?
3
What is the remainder when 753 is divided by 53?
11
Calculate the remainder when 784 is divided by 131.
129
Calculate the remainder when 89 is divided by 25.
14
Calculate the remainder when 610 is divided by 457.
153
What is the remainder when 194 is divided by 82?
30
What is the remainder when 749 is divided by 101?
42
What is the remainder when 96 is divided by 14?
12
What is the remainder when 537 is divided by 15?
12
What is the remainder when 2464 is divided by 176?
0
Calculate the remainder when 1682 is divided by 12.
2
What is the remainder when 49 is divided by 16?
1
What is the remainder when 310 is divided by 14?
2
What is the remainder when 123 is divided by 4?
3
Calculate the remainder when 5199 is divided by 34.
31
Calculate the remainder when 76 is divided by 16.
12
What is the remainder when 880 is divided by 72?
16
Calculate the remainder when 349 is divided by 50.
49
What is the remainder when 3538 is divided by 59?
57
What is the remainder when 72 is divided by 37?
35
What is the remainder when 67 is divided by 30?
7
What is the remainder when 481 is divided by 44?
41
What is the remainder when 215 is divided by 71?
2
Calculate the remainder when 155 is divided by 80.
75
What is the remainder when 558 is divided by 152?
102
What is the remainder when 61 is divided by 59?
2
What is the remainder when 688 is divided by 74?
22
Calculate the remainder when 6028 is divided by 168.
148
Calculate the remainder when 249 is divided by 64.
57
Calculate the remainder when 3908 is divided by 72.
20
What is the remainder when 2065 is divided by 22?
19
What is the remainder when 1398 is divided by 462?
12
What is the remainder when 8315 is divided by 12?
11
Calculate the remainder when 218 is divided by 45.
38
What is the remainder when 79 is divided by 8?
7
Calculate the remainder when 70 is divided by 37.
33
Calculate the remainder when 33 is divided by 8.
1
What is the remainder when 369 is divided by 167?
35
Calculate the remainder when 412 is divided by 74.
42
What is the remainder when 286 is divided by 16?
14
What is the remainder when 2116 is divided by 2108?
8
What is the remainder when 1163 is divided by 6?
5
What is the remainder when 1551 is divided by 173?
167
Calculate the remainder when 117 is divided by 20.
17
What is the remainder when 1039 is divided by 149?
145
Calculate the remainder when 129 is divided by 30.
9
Calculate the remainder when 2776 is divided by 139.
135
What is the remainder when 1220 is divided by 34?
30
What is the remainder when 274 is divided by 14?
8
Calculate the remainder when 287 is divided by 37.
28
What is the remainder when 2113 is divided by 46?
43
Calculate the remainder when 696 is divided by 178.
162
Calculate the remainder when 1176 is divided by 107.
106
What is the remainder when 682 is divided by 24?
10
Calculate the remainder when 150 is divided by 38.
36
What is the remainder when 2293 is divided by 56?
53
What is the remainder when 3623 is divided by 10?
3
Calculate the remainder when 1888 is divided by 30.
28
Calculate the remainder when 792 is divided by 192.
24
What is the remainder when 815 is divided by 16?
15
Calculate the remainder when 165 is divided by 16.
5
What is the remainder when 425 is divided by 46?
11
Calculate the remainder when 5037 is divided by 229.
228
Calculate the remainde